816 - 8).
2, 3, 353
Let q(z) = -3*z**2 - 15*z + 19. Let m be q(-6). What are the prime factors of ((-38)/57)/(239/(-237) + m)?
79
Suppose -2494 = -6*x + 1136. Suppose 482 = 4*f + 3*w, 12*w + x = 5*f + 17*w. What are the prime factors of f?
7, 17
Let y(v) = 3*v**3 - 3*v - 6. Let z be y(8). Suppose -4*r = -z + 30. What are the prime factors of r?
3, 41
Suppose -5*r + 23 = 3*p, p + 2*r - 1 - 8 = 0. List the prime factors of (-42)/(-315) + -14443*p/(-15).
3, 107
Suppose 0 = -10*w - 19*w - 5922 + 19900. List the prime factors of w.
2, 241
Suppose 12*k + 18957 = 101*k. What are the prime factors of k?
3, 71
What are the prime factors of -8*1 + (-24)/36*(-611946)/12?
41, 829
Suppose -4*p + 3*w = -11, -4*p = -7*p - 2*w + 4. Suppose -2*m = -p*f + 6, -4*m + 2*m + 6 = f. Suppose -2*i = -f*i + 354. List the prime factors of i.
3, 59
Suppose 63*j - 13339 - 28203 = 8921. What are the prime factors of j?
3, 89
Let i = -1 + 1. Suppose i = 5*j - 631 - 844. Suppose 0 = -5*u - 55 + j. List the prime factors of u.
2, 3
Let h(o) = o**3 + 7*o**2 - 4*o - 6. Let w be h(-5). Let g = 69 - w. Suppose g*q + 15 = 0, 0 = 3*u + 2*q - 183 - 15. List the prime factors of u.
2, 17
Suppose 0 = 10*r - 292 - 128. List the prime factors of ((-422)/(-5))/(r/105).
211
List the prime factors of (16108/(-6))/(228/(-342)).
4027
Let d = 30 + -35. Let l = d - -1. What are the prime factors of ((-14)/6 - l/(-6)) + 38?
5, 7
Let i(k) = -13*k - 2. Let h(d) = -d**3 + 2*d**2 + 8*d + 4. Let v be h(4). Suppose 0 = 5*r - f + 60, -3*r + v*f - 28 = 5*f. List the prime factors of i(r).
3, 47
Suppose -50*p = -68*p + 3528. Let j = 2 + p. List the prime factors of j.
2, 3, 11
Let l(a) = 7*a - 35. Let h be l(4). List the prime factors of (h - -4)/(6/(-1498)).
7, 107
Let k = 1704 + -1192. Let b = k - 122. Suppose 5*s + b = 10*s. List the prime factors of s.
2, 3, 13
Let s(m) = 1 + 13*m + 8 - 34*m + 24*m + 18*m. List the prime factors of s(5).
2, 3, 19
Let y(r) = r**3 - 12*r**2 - 11*r - 21. Let z be y(13). Suppose -z*d + 78 = d. Suppose 0 = -18*q + d*q + 280. What are the prime factors of q?
2, 7
Suppose -5*o - k = -23087, -5*o - 2*k + 9238 = -3*o. Suppose 22*u - o = 7725. What are the prime factors of u?
3, 11, 17
Suppose 94*j = 95*j + l - 49948, 0 = -2*j + 2*l + 99860. What are the prime factors of j?
49939
Let w = -622 - -899. Let z = 161 - w. Let r = 273 + z. What are the prime factors of r?
157
Suppose -1155 = 105*k - 106*k. Suppose -k = 45*n - 48*n. List the prime factors of n.
5, 7, 11
Let m(x) = 24*x - 38. Let b(h) = 8*h - 13. Let p(z) = -8*b(z) + 3*m(z). Let n(w) = 12*w - 94. Let o be n(8). List the prime factors of p(o).
2, 3
Let d be (-14 - -26)*273/(-2). Let j = d + 2392. List the prime factors of j.
2, 13, 29
Let v(y) = 120*y - 4399. What are the prime factors of v(136)?
7, 13, 131
Suppose -12 = 10*x - 62. Let i = x - 19. Let s(q) = -q + 30. List the prime factors of s(i).
2, 11
Let x(s) = -9866*s - 102. List the prime factors of x(-1).
2, 2441
Let z = 30 + 6. Suppose -65*v = -68*v - z. What are the prime factors of (-1 + 59)*(-6)/v?
29
List the prime factors of ((-8)/10 - 437/(-690))*-219306.
36551
Let d(q) = q**2 - 5*q - 24. Let l be d(8). Suppose -5*z + 30 = -5*m, -2*m + 5*z - 2*z - 15 = l. List the prime factors of 222/2 + (m - (0 + -4)).
2, 7
Let f = -19450 - -29974. What are the prime factors of f?
2, 3, 877
Let q(j) = -j**2 + 3*j + 8. Let i be 0 + 3 - ((-5 - -3) + 5). Let k be q(i). What are the prime factors of (k/(-4) + 3)*(185 + 2)?
11, 17
Let p(o) = -6*o + 148. Let v(u) = -1. Let n(z) = p(z) - 3*v(z). Let k(f) = f - 30. Let j(l) = -11*k(l) - 2*n(l). List the prime factors of j(-9).
19
Let c = -3 + -5. Let i(r) = 3*r**2 - 27 + 2*r + 5*r - r - 6*r + 5*r. List the prime factors of i(c).
5
Suppose 0 = -2*k - 3*r + 6, 2*r + 25 + 3 = 4*k. Let o = 14 + k. List the prime factors of o.
2, 5
Let n(a) = -a**3 + 82*a**2 - 138*a - 659. List the prime factors of n(63).
2, 33029
Let t = -218 + 223. Suppose -3*s = 9, -6*s = t*m - 2*s - 53. What are the prime factors of m?
13
Suppose 142*j - 107016 = 100*j. List the prime factors of j.
2, 7, 13
Let d(b) = -2*b**2 + 26*b - 14. Let r be d(12). Let a be r/(-4)*(-1582)/35. List the prime factors of 1/3*(a - -1).
2, 19
Let d be (((-9)/(-2))/9)/((-2)/4). Let x(l) = -301*l**3 - l**2 + l. What are the prime factors of x(d)?
13, 23
Suppose 49920 = b - 4*x, 1602*b + x - 49945 = 1601*b. List the prime factors of b.
2, 5, 11, 227
Suppose 55*u + 3*o = 50*u + 10637, 6411 = 3*u - 3*o. List the prime factors of u.
2131
Suppose -14 = 5*a - q - 272, 214 = 4*a + 3*q. Suppose -50*l = -a*l + 462. What are the prime factors of l?
3, 7, 11
Let t = -9790 + 17626. What are the prime factors of t?
2, 3, 653
What are the prime factors of (377180/25)/4 - (-72)/(-90)?
3, 419
Let f = -35 + 34. Let r be (171/6 - f)/((-6)/12). Let c = -4 - r. List the prime factors of c.
5, 11
List the prime factors of 1493952/80 - (-2 - (-7)/5).
3, 5, 83
Let v be (3/2)/((-3)/(-298)). Suppose x = -2*i + 70, x + i = -x + v. Suppose -q + x = 4*g, 2*q - 5*g = -10*g + 137. What are the prime factors of q?
2, 7
Let z = -844 + 4461. List the prime factors of z.
3617
Let f = -21 + -31. What are the prime factors of -3 - 6092/f - (-4)/(-26)?
2, 3, 19
Let h(p) = -1576*p + 785. List the prime factors of h(-41).
7, 9343
Let k = -16332 - -28591. List the prime factors of k.
13, 23, 41
Suppose 0*l = -2*l + 474. Suppose -2*a = -5*h - 338, -4*a + a - 2*h = -469. Let n = l - a. List the prime factors of n.
2, 3, 13
What are the prime factors of 5*(1462 + -2 - 13)?
5, 1447
Let m = 72170 + -31523. What are the prime factors of m?
3, 17, 797
Let f(d) = -13*d**3 - 7*d**2 + 2*d + 28. Let c be f(-6). Suppose w - 3*q - 502 = 348, 2*q - c = -3*w. List the prime factors of w.
2, 107
Let f = 11935 + -7073. List the prime factors of f.
2, 11, 13, 17
Let x be 3/(-2)*3472/(-12). Suppose 2*c + 5*f - 220 = f, -4*c + x = 2*f. Suppose 13*q - 11*q - c = 0. List the prime factors of q.
2, 3
Let t(d) = -4*d - 5. Let c be t(5). Let q(b) be the third derivative of -7*b**4/24 + 11*b**3/3 - 61*b**2. What are the prime factors of q(c)?
197
Let h = -85 + 129. Suppose -5*m + h - 29 = 0. Suppose 5*w - 24 - 9 = m*q, -5*w - q = -29. What are the prime factors of w?
2, 3
Let s(w) = -107*w + 385. List the prime factors of s(-42).
7, 17, 41
Let z(n) be the second derivative of -n**5/10 + 5*n**3/3 - n**2/2 + n - 626. Let o = -10 - -5. List the prime factors of z(o).
199
Suppose -6*g - 240 = -0*g. What are the prime factors of (-2174)/(-18) - g/180?
11
Let s = -15088 - -40387. List the prime factors of s.
3, 937
Let x = -3604 - -5426. Suppose -2*f + x = 3*z, -3*f + 2711 = 20*z - 21*z. What are the prime factors of f?
5, 181
Let a(s) = s**3 + 10*s**2 + 25*s + 6. Let b be a(-6). Let r = 4 - b. Suppose -185 = -r*c + 3*h, -4*c + 0*h + 4*h = -180. What are the prime factors of c?
2, 5
Let g(n) = 10*n**2 + 3*n - 21. Let k be g(-5). Let c = 432 + k. List the prime factors of c.
2, 17, 19
Suppose -15*n + 948 = -3534 - 1293. List the prime factors of n.
5, 7, 11
List the prime factors of (12 - 5) + (-11)/(11/(-59778)).
5, 11, 1087
Suppose 211994 = 16*q - 73270. List the prime factors of q.
3, 7, 283
Suppose -3*f = 4*q + 12122 - 220764, -2*f - 7*q = -139112. What are the prime factors of f?
2, 11, 29, 109
Let x = 3584 - -4876. List the prime factors of x.
2, 3, 5, 47
Let h = 4354 + 2209. List the prime factors of h.
6563
Suppose -1686 - 660 = -2*u - 5*s, -5*u + s + 5865 = 0. Let x = u - 816. What are the prime factors of x?
3, 7, 17
Suppose 3*n + y - 2*y - 361 = 0, -5*n + 4*y = -604. Suppose 116*d = n*d - 8. Suppose -o - d*o = -507. List the prime factors of o.
13
Suppose 10*h - 5976 = -1156. Let k = 833 + h. What are the prime factors of k?
5, 263
Let i(h) be the third derivative of -155*h**4/6 + 14*h**3/3 + 32*h**2. Let a be i(3). What are the prime factors of 6/4*a/(-12)?
229
Let o = 1006 - 734. List the prime factors of o.
2, 17
Let b(i) = -2*i**2 - 3*i - 1109. Let c be b(0). Let x = -275 - c. List the prime factors of x.
2, 3, 139
Let u(x) = -x**3 + 15*x**2 + 2*x - 7. Let m be u(15). Suppose 0 = 4*k + p - m, -3*p - 13 + 4 = -k. List the prime factors of 11 + (-3)/k*-8.
3, 5
Suppose -199*k - 13541355 = -216*k - 322*k. What are the prime factors of